ided by 56?
42
Calculate the remainder when 569 is divided by 82.
77
Calculate the remainder when 8747 is divided by 50.
47
Calculate the remainder when 829 is divided by 16.
13
What is the remainder when 527 is divided by 48?
47
Calculate the remainder when 393 is divided by 49.
1
What is the remainder when 579 is divided by 71?
11
What is the remainder when 178 is divided by 30?
28
What is the remainder when 1155 is divided by 20?
15
What is the remainder when 2337 is divided by 195?
192
What is the remainder when 45 is divided by 25?
20
What is the remainder when 233 is divided by 13?
12
Calculate the remainder when 275 is divided by 48.
35
What is the remainder when 453 is divided by 153?
147
Calculate the remainder when 632 is divided by 311.
10
Calculate the remainder when 191 is divided by 32.
31
Calculate the remainder when 926 is divided by 202.
118
Calculate the remainder when 107 is divided by 9.
8
Calculate the remainder when 30659 is divided by 7.
6
Calculate the remainder when 201 is divided by 61.
18
Calculate the remainder when 374 is divided by 88.
22
What is the remainder when 61 is divided by 28?
5
What is the remainder when 69 is divided by 25?
19
What is the remainder when 256 is divided by 41?
10
Calculate the remainder when 274 is divided by 10.
4
What is the remainder when 245 is divided by 50?
45
Calculate the remainder when 179 is divided by 26.
23
What is the remainder when 1050 is divided by 117?
114
Calculate the remainder when 43 is divided by 31.
12
What is the remainder when 196 is divided by 33?
31
What is the remainder when 440 is divided by 13?
11
Calculate the remainder when 532 is divided by 13.
12
Calculate the remainder when 219 is divided by 45.
39
What is the remainder when 1131 is divided by 43?
13
Calculate the remainder when 1861 is divided by 110.
101
Calculate the remainder when 1105 is divided by 44.
5
What is the remainder when 83 is divided by 76?
7
Calculate the remainder when 1791 is divided by 100.
91
What is the remainder when 467 is divided by 226?
15
What is the remainder when 1457 is divided by 720?
17
What is the remainder when 487 is divided by 37?
6
Calculate the remainder when 229 is divided by 58.
55
Calculate the remainder when 1877 is divided by 311.
11
What is the remainder when 51 is divided by 26?
25
Calculate the remainder when 1319 is divided by 367.
218
Calculate the remainder when 118 is divided by 16.
6
What is the remainder when 160 is divided by 44?
28
What is the remainder when 5507 is divided by 290?
287
Calculate the remainder when 1225 is divided by 43.
21
What is the remainder when 147 is divided by 50?
47
What is the remainder when 442 is divided by 156?
130
Calculate the remainder when 8209 is divided by 17.
15
What is the remainder when 263 is divided by 52?
3
Calculate the remainder when 593 is divided by 194.
11
Calculate the remainder when 197 is divided by 22.
21
What is the remainder when 193 is divided by 28?
25
What is the remainder when 458 is divided by 9?
8
Calculate the remainder when 50 is divided by 14.
8
Calculate the remainder when 3299 is divided by 114.
107
Calculate the remainder when 118 is divided by 14.
6
What is the remainder when 3188 is divided by 452?
24
Calculate the remainder when 105 is divided by 57.
48
Calculate the remainder when 1127 is divided by 29.
25
What is the remainder when 89 is divided by 6?
5
What is the remainder when 881 is divided by 29?
11
What is the remainder when 1073 is divided by 67?
1
Calculate the remainder when 1430 is divided by 248.
190
What is the remainder when 492 is divided by 71?
66
Calculate the remainder when 691 is divided by 225.
16
Calculate the remainder when 129 is divided by 11.
8
What is the remainder when 1230 is divided by 8?
6
What is the remainder when 610 is divided by 27?
16
Calculate the remainder when 11443 is divided by 105.
103
Calculate the remainder when 348 is divided by 30.
18
What is the remainder when 317 is divided by 64?
61
What is the remainder when 391 is divided by 8?
7
Calculate the remainder when 258 is divided by 12.
6
Calculate the remainder when 22192 is divided by 23.
20
What is the remainder when 1566 is divided by 14?
12
What is the remainder when 5396 is divided by 30?
26
Calculate the remainder when 490 is divided by 82.
80
Calculate the remainder when 403 is divided by 65.
13
What is the remainder when 188 is divided by 110?
78
Calculate the remainder when 1196 is divided by 21.
20
What is the remainder when 403 is divided by 9?
7
Calculate the remainder when 2326 is divided by 111.
106
Calculate the remainder when 5938 is divided by 45.
43
Calculate the remainder when 789 is divided by 13.
9
What is the remainder when 30895 is divided by 14?
11
Calculate the remainder when 878 is divided by 216.
14
What is the remainder when 315 is divided by 53?
50
What is the remainder when 198 is divided by 69?
60
Calculate the remainder when 740 is divided by 13.
12
What is the remainder when 45 is divided by 21?
3
What is the remainder when 24 is divided by 7?
3
Calculate the remainder when 16845 is divided by 81.
78
What is the remainder when 1935 is divided by 17?
14
Calculate the remainder when 2831 is divided by 135.
131
Calculate the remainder when 587 is divided by 1.
0
What is the remainder when 501 is divided by 15?
6
Calculate the remainder when 138 is divided by 9.
3
Calculate the remainder when 1765 is divided by 31.
29
What is the remainder when 472 is divided by 120?
112
What is the remainder when 1638 is divided by 150?
138
Calculate the remainder when 313 is divided by 85.
58
Calculate the remainder when 1073 is divided by 23.
15
What is the remainder when 111 is divided by 53?
5
What is the remainder when 783 is divided by 198?
189
What is the remainder when 4071 is divided by 151?
145
Calculate the remainder when 878 is divided by 163.
63
Calculate the remainder when 305 is divided by 74.
9
What is the remainder when 6953 is divided by 3470?
13
What is the remainder when 40 is divided by 9?
4
What is the remainder when 1527 is divided by 21?
15
Calculate the remainder when 102 is divided by 12.
6
Calculate the remainder when 1225 is divided by 606.
13
What is the remainder when 8682 is divided by 15?
12
Calculate the remainder when 134 is divided by 45.
44
Calculate the remainder when 99 is divided by 25.
24
Calculate the remainder when 1219 is divided by 187.
97
What is the remainder when 3031 is divided by 1010?
1
Calculate the remainder when 6078 is divided by 115.
98
Calculate the remainder when 56 is divided by 12.
8
What is the remainder when 3779 is divided by 90?
89
Calculate the remainder when 756 is divided by 33.
30
What is the remainder when 5102 is divided by 88?
86
Calculate the remainder when 182 is divided by 46.
44
Calculate the remainder when 1819 is divided by 227.
3
What is the remainder when 28115 is divided by 103?
99
What is the remainder when 301 is divided by 99?
4
Calculate the remainder when 146 is divided by 81.
65
Calculate the remainder when 1064 is divided by 114.
38
Calculate the remainder when 158 is divided by 46.
20
What is the remainder when 112 is divided by 42?
28
What is the remainder when 92 is divided by 59?
33
What is the remainder when 519 is divided by 35?
29
What is the remainder when 972 is divided by 39?
36
What is the remainder when 96 is divided by 25?
21
Calculate the remainder when 258 is divided by 26.
24
Calculate the remainder when 188 is divided by 149.
39
Calculate the remainder when 141 is divided by 36.
33
Calculate the remainder when 96 is divided by 49.
47
What is the remainder when 87 is divided by 5?
2
Calculate the remainder when 245 is divided by 12.
5
What is the remainder when 895 is divided by 279?
58
What is the remainder when 213 is divided by 105?
3
What is the remainder when 167 is divided by 19?
15
Calculate the remainder when 2858 is divided by 1379.
100
What is the remainder when 30 is divided by 8?
6
Calculate the remainder when 182 is divided by 66.
50
What is the remainder when 208 is divided by 158?
50
What is the remainder when 27059 is divided by 66?
65
Calculate the remainder when 357 is divided by 90.
87
What is the remainder when 4670 is divided by 4?
2
What is the remain